99?
13, 299623
List the prime factors of 43112.
2, 17, 317
List the prime factors of 27809330.
2, 5, 2780933
What are the prime factors of 500889?
3, 103, 1621
What are the prime factors of 3245835?
3, 5, 353, 613
List the prime factors of 31330683.
3, 41, 197, 431
What are the prime factors of 294946?
2, 89, 1657
List the prime factors of 516606.
2, 3, 29, 2969
List the prime factors of 26431221.
3, 8810407
What are the prime factors of 432378?
2, 3, 17, 157
List the prime factors of 1064328.
2, 3, 61, 727
What are the prime factors of 247856?
2, 7, 2213
What are the prime factors of 1237604?
2, 29, 47, 227
List the prime factors of 1022023.
17, 79, 761
What are the prime factors of 625075?
5, 11, 2273
What are the prime factors of 36516618?
2, 3, 2028701
List the prime factors of 562438.
2, 19, 41
What are the prime factors of 2257511?
2257511
List the prime factors of 91736.
2, 11467
List the prime factors of 8865260.
2, 5, 443263
What are the prime factors of 1013624?
2, 126703
What are the prime factors of 371688?
2, 3, 17, 911
What are the prime factors of 14245529?
2393, 5953
List the prime factors of 436437.
3, 71, 683
List the prime factors of 479027.
479027
What are the prime factors of 758?
2, 379
List the prime factors of 6646337.
17, 390961
List the prime factors of 7557673.
17, 444569
What are the prime factors of 290586?
2, 3, 19, 2549
List the prime factors of 9374347.
9374347
What are the prime factors of 119008?
2, 3719
What are the prime factors of 9443920?
2, 5, 97, 1217
What are the prime factors of 3198824?
2, 399853
What are the prime factors of 103073?
59, 1747
List the prime factors of 565289.
565289
List the prime factors of 119199.
3, 39733
What are the prime factors of 5033224?
2, 7, 17, 311
What are the prime factors of 6665429?
1103, 6043
List the prime factors of 2476289.
19, 47, 59
What are the prime factors of 27581607?
3, 1021541
What are the prime factors of 1140849?
3, 126761
List the prime factors of 9139602.
2, 3, 23, 103, 643
List the prime factors of 163882.
2, 67, 1223
List the prime factors of 142888.
2, 53, 337
List the prime factors of 161741.
161741
List the prime factors of 376425.
3, 5, 7, 239
What are the prime factors of 66635?
5, 13327
What are the prime factors of 109918?
2, 54959
What are the prime factors of 221981?
47, 4723
What are the prime factors of 11084266?
2, 613, 9041
What are the prime factors of 925096?
2, 115637
List the prime factors of 131091.
3, 37, 1181
What are the prime factors of 547069?
197, 2777
What are the prime factors of 754934?
2, 109, 3463
What are the prime factors of 1757154?
2, 3, 7, 17, 23, 107
What are the prime factors of 4853351?
4853351
List the prime factors of 287990.
2, 5, 31, 929
What are the prime factors of 17448509?
13, 83, 103, 157
What are the prime factors of 58397?
23, 2539
What are the prime factors of 5123863?
19, 479, 563
List the prime factors of 433767.
3, 144589
List the prime factors of 173504.
2, 2711
What are the prime factors of 304084?
2, 11, 6911
List the prime factors of 328714.
2, 164357
What are the prime factors of 56670?
2, 3, 5, 1889
List the prime factors of 31830983.
31830983
List the prime factors of 2364842.
2, 1182421
What are the prime factors of 33511083?
3, 11170361
What are the prime factors of 3510703?
7, 71647
List the prime factors of 5668291.
41, 138251
What are the prime factors of 5051008?
2, 39461
List the prime factors of 277696.
2, 4339
List the prime factors of 1552835.
5, 310567
List the prime factors of 8566556.
2, 431, 4969
List the prime factors of 929784.
2, 3, 19, 2039
What are the prime factors of 303238?
2, 13, 107, 109
List the prime factors of 18426663.
3, 251, 2719
What are the prime factors of 290645?
5, 58129
What are the prime factors of 644738?
2, 31, 10399
List the prime factors of 245591.
245591
List the prime factors of 15440456.
2, 1930057
List the prime factors of 2581499.
73, 35363
What are the prime factors of 2473478?
2, 7, 176677
List the prime factors of 661722.
2, 3, 29, 3803
What are the prime factors of 3655005?
3, 5, 139, 1753
What are the prime factors of 67255?
5, 13451
List the prime factors of 157185.
3, 5, 7, 499
What are the prime factors of 12782836?
2, 11, 353, 823
List the prime factors of 2980359.
3, 19, 29, 601
What are the prime factors of 165063?
3, 55021
What are the prime factors of 507686?
2, 313, 811
What are the prime factors of 437399?
19, 23021
What are the prime factors of 50474?
2, 25237
List the prime factors of 415791.
3, 46199
List the prime factors of 810625.
5, 1297
List the prime factors of 88634.
2, 7, 13, 487
List the prime factors of 367831.
367831
List the prime factors of 341099.
11, 2819
List the prime factors of 194949.
3, 21661
List the prime factors of 11040716.
2, 2760179
What are the prime factors of 385647?
3, 128549
List the prime factors of 3331369.
37, 179, 503
List the prime factors of 5620085.
5, 239, 4703
What are the prime factors of 660339?
3, 37, 661
List the prime factors of 17619421.
17619421
List the prime factors of 2352888.
2, 3, 3631
What are the prime factors of 11863355?
5, 7, 67, 5059
What are the prime factors of 27646794?
2, 3, 7, 17, 12907
List the prime factors of 1480277.
1480277
What are the prime factors of 889101?
3, 223, 443
What are the prime factors of 298045?
5, 11, 5419
What are the prime factors of 15473926?
2, 13, 461, 1291
What are the prime factors of 1108296?
2, 3, 7, 733
List the prime factors of 93486.
2, 3, 15581
What are the prime factors of 254873?
254873
What are the prime factors of 12266831?
41, 299191
List the prime factors of 13259714.
2, 13, 509989
What are the prime factors of 35466?
2, 3, 23, 257
What are the prime factors of 1181527?
1181527
List the prime factors of 1472403.
3, 173, 2837
List the prime factors of 2849408.
2, 113, 197
What are the prime factors of 18290042?
2, 2459, 3719
List the prime factors of 429745.
5, 61, 1409
What are the prime factors of 134613?
3, 14957
What are the prime factors of 296365?
5, 59273
What are the prime factors of 4366473?
3, 1455491
What are the prime factors of 142413?
3, 37, 1283
List the prime factors of 243767.
43, 5669
What are the prime factors of 127470?
2, 3, 5, 7, 607
List the prime factors of 101101.
7, 11, 13, 101
List the prime factors of 2853451.
2853451
List the prime factors of 1546481.
269, 5749
What are the prime factors of 3266265?
3, 5, 41, 47, 113
List the prime factors of 192807.
3, 37, 193
List the prime factors of 1206518.
2, 733, 823
List the prime factors of 1119948.
2, 3, 93329
What are the prime factors of 599644?
2, 149911
What are the prime factors of 5664048?
2, 3, 13, 29, 313
List the prime factors of 14305413.
3, 4768471
List the prime factors of 629394.
2, 3, 19, 5521
What are the prime factors of 212445?
3, 5, 4721
What are the prime factors of 87459?
3, 29153
List the prime factors of 5945289.
3, 7, 89, 3181
List the prime factors of 1417102.
2, 79, 8969
What are the prime factors of 171323?
19, 71, 127
What are the prime factors of 3040340?
2, 5, 152017
List the prime factors of 15904494.
2, 3, 239, 3697
What are the prime factors of 270770?
2, 5, 27077
What are the prime factors of 1629573?
3, 11, 19, 23, 113
What are the prime factors of 75508?
2, 43, 439
List the prime factors of 11778180.
2, 3, 5, 196303
List the prime factors of 7651577.
229, 33413
List the prime factors of 352150.
2, 5, 7043
What are the prime factors of 2076545?
5, 29, 14321
What are the prime factors of 1225809?
3, 13, 10477
What are the prime factors of 8558280?
2, 3, 5, 23773
List the prime factors of 1925566.
2, 962783
What are the prime factors of 1821724?
2, 455431
List the prime factors of 4471488.
2, 3, 7, 1109
List the prime factors of 627281.
353, 1777
What are the prime factors of 19680620?
2, 5, 163, 6037
What are the prime factors of 302023?
149, 2027
What are the prime factors of 295570?
2, 5, 11, 2687
What are the prime factors of 1156314?
2, 3, 191, 1009
List the prime factors of 222451.
47, 4733
What are the prime factors of 2796984?
2, 3, 23, 563
List the prime factors of 536901.
3, 191, 937
What are the prime factors of 1932920?
2, 5, 11, 23, 191
What are the prime factors of 612172?
2, 11, 13913
List the prime factors 